= k. What is the units digit of l?
2
Let v = -9 - -13. Let g = 36 + -22. Suppose 2*i + g = 5*m, -m + 24 = 2*m + v*i. What is the units digit of m?
4
Suppose 0 = -6*v + 3*v + 9. What is the units digit of v?
3
Let m(r) = -r**3 + 17*r**2 + 20*r - 22. What is the tens digit of m(18)?
1
Suppose -15*l + 5*l = -3840. What is the hundreds digit of l?
3
Suppose -4*v = 5*u + 26, -7*v + 2*v - 5*u = 35. What is the units digit of 3/15*v*-5?
9
Let b(n) = 2*n - 7. Let f be b(5). Suppose 0 = -f*k - 13 - 5. Let m(w) = -w**3 - 5*w**2 + 4*w - 8. What is the units digit of m(k)?
4
Suppose -l - t = 4*l + 50, -3*l = t + 30. Let h be l*2/(-4) + -2. What is the tens digit of (h + (-21)/6)*-26?
1
Let a be 2/(-8) + 38/(-8). Let g be (-4)/10 - 12/a. Suppose -3*s + g = -1. What is the units digit of s?
1
Let w(v) = 179*v + 5. What is the tens digit of w(1)?
8
Suppose 4*v + 8 = 0, 3*q + 0*v - 154 = 5*v. Let a = -27 + q. What is the tens digit of a?
2
Let g(o) = o**2 + o. Let j be g(0). Suppose -2*s + 2*d = 0, -2*s + 3*d = -j*d. What is the units digit of (-1 - s) + 2 + 2?
3
Suppose d - 11 - 5 = -3*h, -h - 12 = -4*d. Suppose 0 = -d*f + 21 + 15. What is the units digit of f?
9
What is the tens digit of 92 - 1*(-4 + 0)?
9
Let d(j) = 4*j**2 - j + 32. What is the units digit of d(6)?
0
Let r(h) be the first derivative of 3*h**2/2 - 2. Let z be r(2). Suppose -3*v + 12 = 0, -2*f + z = v - 0*v. What is the units digit of f?
1
Suppose 0 = -m + 4, 3*t + 5*m + 0 = 32. Let r be (-19)/2 - 2/4. What is the units digit of (16/r)/(t/(-10))?
4
Let q(c) = 9*c + 1. Let o(s) = 4*s. Let y(f) = 7*o(f) - 3*q(f). Let h be y(5). Suppose 4*p - 6 = -3*z, 10 = 5*z + h*p - 4*p. What is the units digit of z?
2
Suppose 0 = 9*b - 2364 + 231. What is the tens digit of b?
3
Let y(v) = 5*v**2 + 3*v - 2. What is the units digit of y(-2)?
2
Suppose -3*m + 4*i = -176, -3*m - 5*i = -139 - 73. What is the units digit of m?
4
Let j = 67 + -62. What is the units digit of j?
5
Let o = 0 - -5. Suppose 168 = 5*z - z + 4*n, 5*z = o*n + 200. What is the tens digit of z?
4
Let i(b) = b**3 + 9*b**2 - 13*b - 10. Let z(u) = -u**2 + u. Let p(v) = i(v) + 3*z(v). What is the units digit of p(-7)?
1
Suppose -8*u - 3*u + 1265 = 0. What is the hundreds digit of u?
1
Let j(m) = m**3 + 7*m**2 + 3*m - 14. What is the units digit of j(-6)?
4
Let y(a) = 2*a**2 + 5*a + 2. Let j be y(-3). Suppose -j*o + 25 = 0, 0 = -4*c + 5*o + 14 + 77. What is the tens digit of c?
2
What is the hundreds digit of (-140)/2*3/(-2) - -2?
1
Let d(z) = -z**2 - 3*z + 5. Suppose 19 = 2*u + 2*u + w, 13 = 3*u + 2*w. Let r be (-3)/u - 34/10. What is the units digit of d(r)?
1
Let z(b) = b**3 + 9*b**2 - b + 8. What is the tens digit of z(-9)?
1
Suppose k + 6 = 3*h - 0, -k - 2*h + 14 = 0. What is the units digit of k?
6
Suppose 2*d = 6*d + 12. Let x(q) = -q**3 - 2*q**2 - 1. Let z be x(d). Suppose 2*c + z - 20 = 0. What is the units digit of c?
6
Let l(c) = c + 6. What is the units digit of l(-5)?
1
Let d(x) = -x**3 - 6*x**2 - 5*x - 8. What is the tens digit of d(-6)?
2
Suppose 66 = k - 4. Suppose -7*d + k = -0*d. What is the tens digit of d?
1
Let c be (-6)/9 + (-92)/(-3). Suppose 2*d - c = -d. What is the tens digit of d?
1
Let j = -1 - 10. Suppose 3*q = -k - 16, -3*q + q + 2*k = 8. Let p = q - j. What is the units digit of p?
6
Let t(h) = h + 20. Let z be t(-14). Suppose -4 = w - z. What is the units digit of w?
2
Suppose -2*i - 2*l = -22, l + 2*l + 42 = 2*i. What is the tens digit of i?
1
Let s be -3 - -45 - (-2 + 0). Suppose -8 = r - s. Suppose 2*z - r = -2*z. What is the units digit of z?
9
Let y(s) = s**2 + 11*s + 13. What is the tens digit of y(-17)?
1
Let n be (4 + -1)*11/11. Let a = n + 11. What is the tens digit of a?
1
Suppose 4*b - 3*b - m - 320 = 0, 0 = 4*b - 5*m - 1285. What is the hundreds digit of b?
3
Let w(l) = -l**3 + l**2 + 2*l + 50. Let b be w(0). What is the tens digit of b/15*48/10?
1
Suppose 0 = -4*g - l + 393, 2*g - 194 = -0*l + 2*l. What is the units digit of g?
8
Suppose 2*i - 1 = o - 17, 3*i + o + 34 = 0. Let m = i + 14. What is the units digit of m?
4
Suppose 15 = -5*i + 4*b + 179, -4*i = -b - 140. What is the units digit of i?
6
Suppose -4*m = -6*m + 92. What is the units digit of m?
6
Let l = 10 + -15. Let v = 2 - 6. Let t = v - l. What is the units digit of t?
1
Suppose -10 = -q + 32. What is the tens digit of q?
4
Suppose 2*t = -3*p - 1, 4 = -5*t - 5*p + 9. Suppose n + 3 - 14 = -t*s, 17 = 3*n + 4*s. Suppose -5 = -4*w + n. What is the units digit of w?
2
Let j = -14 + 18. Suppose -2*r + 11 + 61 = -2*w, j*w + 12 = 0. What is the units digit of r?
3
Let f = -5 - -7. Let c(v) = -v**3 + 6*v**2 + 2*v - 6. Let z be c(6). Suppose -2*j + f*x = -z*j + 30, -29 = -3*j + 5*x. What is the units digit of j?
8
Let c(n) be the second derivative of n**8/6720 - n**6/240 + n**5/60 - n**4/6 + 4*n. Let k(a) be the third derivative of c(a). What is the units digit of k(3)?
0
Suppose 3*i = -3*q + 81, 2*q = 2*i - 0*q - 54. What is the tens digit of i?
2
Let j be (12/8)/((-3)/4). Let n be 1*-15 + 3 + j. Let t = -8 - n. What is the units digit of t?
6
Suppose 2*r = -2*r - 4. Let g be (2/(-4))/((-2)/12). What is the tens digit of (r - (-3 - 3))*g?
1
Let h(t) = -t - 1. Let k be h(-3). Let f be k + -2 - (-2)/(-2). What is the units digit of (f + 6)/((-2)/(-4))?
0
Let y = -1 - -4. Suppose y*u = 8*u. Suppose u = 5*i - 5, 3*t + 5*i = 3 + 20. What is the units digit of t?
6
Let n(a) = 6 + 5*a**3 + a**3 - 7 + a**3. What is the units digit of n(1)?
6
Let n(w) = w**2 + 9*w - 3. Let j = -22 + 12. Let f be n(j). Let h = -6 + f. What is the units digit of h?
1
Suppose 2*r - 11 = 5*d + 4, -2*d - 35 = 5*r. What is the tens digit of 2*r/((-20)/102)?
5
What is the units digit of 20 - -2*(-1 - 0)?
8
Let z = 8 + 12. Let h = 25 + -38. Let v = z + h. What is the units digit of v?
7
Let q(g) = 3*g - 4. What is the units digit of q(10)?
6
Suppose 4*g - 5*d + 18 = -0*g, -3*g - 27 = 3*d. Let v(x) = x**2 + 5*x - 10. What is the units digit of v(g)?
4
Suppose 7*q = 2*q + 1170. What is the tens digit of q?
3
Let x(u) = -u**3 + 8*u**2 - 6*u - 9. Let m be x(7). Let p = m + 22. Suppose -2*w + p = 2*w. What is the units digit of w?
5
What is the units digit of (-2)/6 - (-46)/3?
5
Suppose 5*l - l - 456 = 0. What is the units digit of l?
4
Let h = -3 - -1. Let v be (h/(-3))/(6/9). What is the units digit of -1 + 2 - (v - 4)?
4
Let g = 4 - 15. Let y = g + 18. What is the units digit of y?
7
Let n = 115 + 19. What is the tens digit of n?
3
Let x(o) = 5*o - 1. Let j be x(1). Suppose 0 = 5*c - j + 14. What is the units digit of (c - (-3)/1)*6?
6
What is the hundreds digit of -12*24/(-2) + 0?
1
Suppose -4*t - 24 = -4*a + 24, 2*a - 3*t - 20 = 0. Suppose -a = -4*f - 2*s - 2*s, 4*s + 9 = f. What is the units digit of f?
5
Suppose -20 = 5*s - 0*a - 2*a, -s + 18 = 4*a. Let w be 40/5 + 4/s. Let u = -3 + w. What is the units digit of u?
3
Suppose 0 = 4*p + 2 - 10. Let m be 0 + (p + -3)*-2. What is the units digit of m/(-4) + 65/10?
6
Suppose z = 3*z - 78. What is the units digit of z?
9
Let a(l) = l**3 + 7*l**2 + 7*l + 1. Let o be 1 + 6/(-3) - 4. What is the tens digit of a(o)?
1
Let p(v) be the second derivative of -v**2 + 1/6*v**4 - 1/3*v**3 + 0 - 2*v. What is the units digit of p(3)?
0
Let s(m) = m + 7. Let w be s(-5). Suppose w*y + 0*y - 20 = 0. Suppose 25 = 5*q - y. What is the units digit of q?
7
Let g be (10/4 + -3)*-2. Let i be 9*2/g*-1. Let v = -9 - i. What is the units digit of v?
9
Let l(h) be the first derivative of h**3/3 + 5*h**2 + 8*h + 5. What is the units digit of l(-10)?
8
Suppose -16*l + 13*l = -132. What is the tens digit of l?
4
Let f be (1 + 0)/((-2)/(-4)). Let j = f - 9. What is the units digit of 1*(-2 - j - -2)?
7
Let z be 4/(-6) + 92/3. Suppose 4*q - z = -q. Let j = 20 - q. What is the tens digit of j?
1
Suppose 2*i + y = 54 + 89, -55 = -i + 5*y. What is the tens digit of i?
7
Let c = 1 - 5. Let r(z) = -z + 7. Let x be r(4). What is the units digit of (4/x)/(c/(-24))?
8
Let k(f) = 4*f**2 - 3. Let g be k(-3). Suppose 0 = -5*l + g + 12. What is the units digit of l?
9
Let l = 6 + -4. Let j be (-10)/(-5) + l + -1. Suppose r + j = 2*a, 25 = -2*a + 7*a + r. What is the units digit of a?
4
Let p = -27 - -16. Let z = p - -26. What is the tens digit of z?
1
Let j(v) = -35*v - 5